e tens digit of -52*(33/(-42) + (-2)/(-7))?
2
Suppose -2*k - k = -60. What is the tens digit of k?
2
Let s be 181/5 - (-6)/(-30). Let g = s + -23. What is the tens digit of g?
1
Let v = 3 - 0. Suppose -q + v*q + 14 = 0. Let k(l) = -l**3 - 7*l**2 - l + 4. What is the tens digit of k(q)?
1
Suppose 53*b = 52*b + 79. What is the tens digit of b?
7
Let u be 4/(-14) - (-128)/56. Suppose -3 = -u*o + 3. What is the units digit of o?
3
Let h = 9 - -82. What is the tens digit of h?
9
Let i be ((-86)/6)/((-13)/39). Suppose -3*r = -11 - i. What is the tens digit of r?
1
Suppose 4 = -q - 1, -4*q = -2*w + 76. What is the units digit of w?
8
Suppose 0 = 5*i - 51 + 11. Let r(a) = -a**2 + 11*a - 7. What is the units digit of r(i)?
7
Suppose -2*m + 39 = -35. Suppose 4*x = m + 103. Suppose 0 = 3*q - 10 - x. What is the units digit of q?
5
Suppose 3*c = 64 + 89. What is the tens digit of c?
5
Let c(u) = 21*u - 2. What is the tens digit of c(1)?
1
Let k = -19 + -21. Let o = -17 - k. What is the tens digit of o?
2
Suppose -5*z + 113 = 2*f, 0*z - z = 4*f - 37. What is the tens digit of z?
2
Let o(y) = -y + 6 - 4 + 2*y. Let r be o(0). Suppose 0*n - 3*n + 27 = -r*m, n = 5*m - 4. What is the tens digit of n?
1
Let k(y) = 2*y**2 + 2*y - 1. What is the tens digit of k(-3)?
1
Suppose -4*y + 143 = w - 0*w, -4*y - 310 = -2*w. What is the hundreds digit of w?
1
Suppose 0 = -y + 5*p + 313, -4*p + 799 = 3*y - 197. What is the hundreds digit of y?
3
Suppose 0 = -h + 6*h - 165. Let c = -19 - -4. Let q = h + c. What is the tens digit of q?
1
What is the hundreds digit of ((-5956)/(-28) - 4) + (-4)/(-14)?
2
Let o = -10 + 15. Suppose 2*l + 29 = o*d, 5*d - 2*l - 31 = l. What is the units digit of d?
5
Let c = -90 - -222. What is the hundreds digit of c?
1
Let b be (-1 + (0 - 7))/(-2). Suppose b*x - 7*x = 126. What is the units digit of x/(-8) + 2/(-8)?
5
Suppose 5*p + 8 = 53. What is the units digit of p?
9
Let s = -178 + 348. What is the hundreds digit of s?
1
Suppose -2 + 27 = -3*b + 5*q, -b - 4*q - 14 = 0. Suppose 0 = k + 4*k. Let f = k - b. What is the units digit of f?
0
Let i be 1/(-5) + (-189)/5. What is the units digit of (-2)/(-4) - i/4?
0
Let d(r) = -r**2 - 24*r + 5. What is the units digit of d(-24)?
5
Let j = -41 - -472. What is the tens digit of j?
3
Suppose j - 6*t - 14 = -2*t, 0 = -2*t - 6. Let m(d) = -8*d**2 + 3*d**3 + 3*d + 3 - 6 - 8 - j*d**3. What is the tens digit of m(8)?
1
Suppose 0 = 2*b - 17 - 1. What is the units digit of b?
9
Suppose v - 4*v = 0. Suppose v = -c + 3 + 17. What is the tens digit of c?
2
Let x be (5/2 - 3)/(2/(-40)). Let k(g) = 5*g**2 + g - 1. Let n be k(1). Suppose 0 = 5*v + n*y - 45, -3*y - x + 1 = 0. What is the tens digit of v?
1
Let h(n) = n**3 - n**2 + 4*n + 3. What is the units digit of h(4)?
7
Let j(l) = -4*l**3 + 5*l**2 - 4*l + 3. Let t(w) = 7*w**3 - 10*w**2 + 9*w - 7. Let p(b) = 5*j(b) + 3*t(b). Suppose v - 2 = 2. What is the units digit of p(v)?
6
Let a(i) = i**2 + 6*i - 11. Suppose -4*f + 5 + 3 = -2*k, -3*k = 5*f - 21. Let c be 174/(-21) + k/7. What is the units digit of a(c)?
5
Suppose 0 = 2*i + 3*i - 30. What is the units digit of i?
6
Let n = -2 - -8. What is the units digit of n?
6
Suppose -8 = -2*m - 0*m. Suppose -4*c - 2*g = -10, 1 = m*c + 3*g - 6. Suppose 35 = 4*i + 5*s, 5*i - 8 = c*i - s. What is the units digit of i?
5
Let g(h) = h**3 + 8*h**2 - h + 4. Let d be g(-8). What is the units digit of ((-96)/9)/(-4)*d?
2
Suppose f - 17 = -0*f. Let l = f + -8. Suppose -l*j + 5*j = -64. What is the units digit of j?
6
Let d(v) = 6*v**3 - v**2 - 1. What is the tens digit of d(2)?
4
Let s = -40 + 137. What is the tens digit of s?
9
Let i(a) = -2 + 2*a - 3*a + 2*a. Suppose 2*q = -3*q - 3*k + 29, 0 = -q - 4*k + 16. What is the units digit of i(q)?
2
Let q(d) = 7*d**2 - 4*d + 16. What is the tens digit of q(5)?
7
Suppose 2*q - 2 - 4 = 0. Let d(p) = p**3 - 3*p - 3. Let o be d(q). Suppose 2*z + z = o. What is the units digit of z?
5
Suppose 5*y - 4*f - 25 = -f, -4*y = -2*f - 18. Let j = 9 - y. What is the units digit of j?
7
Let y(r) be the third derivative of -r**6/120 + r**4/24 - r**3/6 + r**2. Let d be y(-2). Suppose -4*t + o - 2*o + 47 = 0, -d = 5*o. What is the tens digit of t?
1
Suppose -4*t + 6 = -2*y - 2, y = -5*t + 17. What is the units digit of t?
3
Suppose 5*s = 35 + 40. What is the units digit of s/(-6)*12/(-15)?
2
Let o(d) = d**3 + 8*d**2. Let k be o(-5). Let i = k + -47. Suppose 3*b - 5*b = -i. What is the units digit of b?
4
Suppose -y + 11 = 4*v, -5*y = -3*v - y + 32. Suppose 75 = v*o + 19. What is the units digit of o?
4
Let n = -16 + 10. Let a be (111/n)/(1/(-2)). Suppose -5*t = -2*u - 7, -4*t = 3*u - 10 - a. What is the units digit of u?
9
Let t = -4 + 7. Suppose 5 = t*d - 4. What is the units digit of d?
3
Let i(a) = 7 - 2*a - 3 - 5 + 3*a**2. What is the tens digit of i(-2)?
1
Suppose 0 = -2*i + 33 + 61. What is the units digit of i?
7
Suppose 4*n = 2*s + 2*s + 7176, n - 8962 = 5*s. What is the tens digit of s/(-98) - 2/7?
1
Let j = 47 + -30. What is the tens digit of j?
1
Suppose 4*k + y = 15, -3*k + y = -9 - 4. Suppose r + 9 = k*r. Suppose -4*l + 26 = -2*v, r*v + v + 36 = 4*l. What is the units digit of l?
4
Let f = -15 - -49. What is the units digit of f?
4
Let v(k) be the second derivative of -k**3/6 + 5*k**2/2 + 2*k. What is the units digit of v(-5)?
0
Let i(o) = 2*o + 3*o**2 - 3 + 2 + 0. Let u be i(-2). Suppose -j + 2 = s, u + 5 = 2*j - 2*s. What is the units digit of j?
4
Suppose -25*y = -22*y - 150. What is the tens digit of y?
5
Let q(k) = -k + 10. Suppose 3*l + 0 = 27. Let a = l + 0. What is the units digit of q(a)?
1
What is the hundreds digit of 6/4*2*115/3?
1
Let z = 6 + -8. Let h be z/((-8)/15)*4. Let r = 21 - h. What is the units digit of r?
6
Let u(k) = -k**2 - 8*k + 2. What is the units digit of u(-7)?
9
Let u = 8 + -11. Let v be u*2/4*-2. Suppose v*f - 7 - 11 = 0. What is the units digit of f?
6
Let k(h) = -2*h - 2 - h**2 - 4*h**3 - 2 + 0*h**2 + 2. What is the tens digit of k(-2)?
3
What is the tens digit of 3/((-9)/10)*-3?
1
Suppose -14 = -4*m - 3*a, 7*a = -3*m + 2*a + 16. Let w be 1 + 0 - (-2)/m. Suppose 2*r = 2, -g - 2 = w*r - 8. What is the units digit of g?
4
Suppose 2*s - 5*s = -27. What is the units digit of s?
9
Let p = 50 - 27. Suppose p = -5*a - 82. What is the units digit of 4/(-16) - a/4?
5
Let d(l) = -5*l + 9. Let g(b) = 26*b - 46. Let r(s) = -11*d(s) - 2*g(s). Let t be r(6). Suppose t + 1 = 4*w. What is the units digit of w?
3
Let j(q) = -q + 27. What is the tens digit of j(15)?
1
Let x(a) = 3*a**2 - 2*a + 2. What is the units digit of x(4)?
2
Let x be 8/6 - (-4)/6. Let u be 81/6 + x/(-4). Let h = u - 8. What is the units digit of h?
5
Suppose -6*a + 644 + 460 = 0. What is the tens digit of a?
8
Suppose 5 = -4*z + 9. Let q(f) = -4 + 10*f**3 - 2*f**3 + 3. What is the units digit of q(z)?
7
Let v = -45 + 63. What is the units digit of v?
8
Suppose 0 = -r - 3*r - 8. What is the tens digit of (1/r)/(2/(-108))?
2
Let l be 1/(-5) + 29/(-5). Let g be 1/3 + 8/l. What is the units digit of 69/9 + g/(-3)?
8
Let t = 65 - 16. What is the units digit of t?
9
Suppose 0 = -i + 5*r + 57, 4 = 3*i - 3*r - 119. What is the units digit of i?
7
Suppose -3*o - 15 = -7*o - 3*n, -2*o + 2*n = -18. What is the units digit of o?
6
Suppose 0 = -4*s + 9*s. Suppose -i + 5*x - 7 = 2, s = -5*x + 20. What is the tens digit of i?
1
Suppose 11*x - 168 = 3*x. What is the units digit of x?
1
Suppose 0 = -5*w + 3*y - 26, 16 = 3*w - 5*w + 4*y. Let n = -1 - w. Let h = n - -17. What is the tens digit of h?
2
What is the hundreds digit of (-1995)/(-20) + (-2)/(-8)?
1
Let h(o) = -o**2 + 7*o - 6. Let c = -11 - -25. Let x = -10 + c. What is the units digit of h(x)?
6
Suppose -5*j + 30 = t, -5*j + 4*t - 2 = -7. Suppose 0 = -5*z + 5*k + 20, j*z + 2*k - 36 = -k. What is the units digit of z + (-2)/4*-4?
8
Let b = 37 + -106. Let w be 1/4 + b/(-12). What is the units digit of (w/(-3)*2)/(-2)?
2
Suppose 3*d = 9 - 60. Let v = -8 - d. What is the units digit of v?
9
Let a(l) = 4*l**3 + l. Let f be a(1). Suppose 4*n - f*n = 2. What is the units digit of 1*(0 - n)*3?
6
Suppose 8*n = n + 1015. What is the hundreds digit of n?
1
Suppose -2*h + 140 = 3*h. Suppose -q + h = q. What is the units digit of q?
4
Let n(i) = 6 + 0*i + i - 8. Let a 